 72 = c*b. Calculate the remainder when 45 is divided by o.
9
Calculate the remainder when 366 is divided by 2 - -7 - (-3 + 4).
6
Let o = 16 - 14. Suppose o*d - 5*w - 90 = d, 0 = -4*d + 3*w + 292. What is the remainder when d is divided by 36?
34
Let j be (-20839)/(-195) - (-2)/15. Suppose -34 = -v - j. Let d = 14 - v. What is the remainder when d is divided by 22?
21
Suppose -8*v = -3*v - 65. Suppose 0 = 10*r - v*r + 102. Calculate the remainder when r is divided by (6 - 3)*-1 + 12.
7
Suppose 5*q = -15, -32 = -s - q - 5. Suppose 7*m - 2*m + s = 0. Calculate the remainder when 42 is divided by ((-9)/m)/(3/22).
9
Suppose 3*g + 0*g = 6. Suppose 1 + 4 = -z, -4*x + g*z = -22. Suppose -5*c = -x*c - 28. What is the remainder when 27 is divided by c?
13
Suppose 0 = -8*v - 2*v + 950. Let t = 117 - v. What is the remainder when t is divided by 8?
6
Let c(a) = -3*a**2 + 3*a. Let d be c(2). Let p = 20 + d. Calculate the remainder when (-4)/(-6) - (-76)/3 is divided by p.
12
Suppose 24 = 8*z - 5*z. Suppose 3*s + 40 = z*s. What is the remainder when ((-9)/(-12))/((-1)/(-20)) is divided by s?
7
What is the remainder when 113 is divided by 12*(-2)/(8/(-9))?
5
Suppose 10*q - 28*q + 1836 = 0. What is the remainder when q is divided by 13?
11
Let y(k) = -k**2 - 19*k - 30. Let t = 122 - 34. What is the remainder when t is divided by y(-15)?
28
Let m(t) = 76*t + 3. What is the remainder when m(2) is divided by 39?
38
Suppose 3*w + 25 = 58. Suppose 5*c - 232 = -4*g, -2*c - 20 + 134 = 2*g. What is the remainder when g is divided by w?
9
Let g = 150 + -52. Suppose -4*i - 22 = -g. Let m(c) = -c**3 - 6*c**2 + 6. Calculate the remainder when m(-7) is divided by i.
17
Suppose 2*v = v + 40. Let m be (-2271)/(-33) - (-10)/55. Let g = -55 + m. Calculate the remainder when v is divided by g.
12
Calculate the remainder when 98/147*(221 - -1) is divided by 17.
12
Suppose 90 = 15*d - 13*d. What is the remainder when 223 is divided by d?
43
Let d be ((-16)/6)/(60/(-36))*25. Suppose -n - 30 = -d. Calculate the remainder when ((-1)/(1/(-39)))/1 is divided by n.
9
Let y(u) = 8*u**2 - 54*u - 24. Suppose 2*i = -2*x + 5*x + 87, -5*i - 2*x = -189. Calculate the remainder when y(11) is divided by i.
38
Suppose -g = 4*g - 270. Suppose 2*k - 49 = -5*k. Let f(z) = 2*z. Calculate the remainder when g is divided by f(k).
12
Calculate the remainder when 24328/156 - (-28)/546 is divided by 20.
16
Let c = -183 - -225. What is the remainder when 125 is divided by c?
41
What is the remainder when 173 is divided by (-16)/(144/27) - -49*1?
35
What is the remainder when (41 - 1)*(-12)/(-15) is divided by (5/(-2))/((-15)/66)?
10
Suppose 0 = -5*m + 2*y + 400, 5*m - 5*y - 259 = 2*m. What is the remainder when m is divided by 30?
18
Let c = 2099 - 676. Calculate the remainder when c is divided by 75.
73
Suppose -22*z = -237 - 995. Calculate the remainder when z is divided by 20.
16
Suppose -2*v + 53 = r, v = 4*r - 9*r + 4. What is the remainder when 462 is divided by v?
27
Suppose 5*v = -4*c - 46, -3*v + c = -3*c + 2. What is the remainder when 278/6 - v/(-18) is divided by (-12)/(-16) + 122/8?
14
Let g = -135 + 202. Calculate the remainder when g is divided by 14.
11
What is the remainder when 1254 is divided by (-4)/10 + 0 + 348/20?
13
Let b(n) = 4*n**2 + 35*n + 4. Calculate the remainder when 47 is divided by b(-9).
8
Let h = 726 + -668. Calculate the remainder when 77 is divided by h.
19
Let x(d) be the first derivative of -d**3/3 - d**2/2 + 35*d - 2. Calculate the remainder when x(0) is divided by 9.
8
Suppose -42*i + 7885 = 41*i. Calculate the remainder when 557 is divided by i.
82
Suppose 276 = o + 22. Suppose -3*b = -4*l - o + 2, -4*l = 0. Calculate the remainder when b is divided by 29.
26
Suppose -2*y = 2*t - 90, 6*t - 5*y = 2*t + 153. Calculate the remainder when t is divided by 15.
12
Let z be (8/(-6))/(1*8/(-12)). Suppose -49 = -i + z*t, -2*t - 278 = -5*i - 3*t. Suppose 2*m - 25 - 3 = 0. Calculate the remainder when i is divided by m.
13
Let t = 70 + -43. Suppose 3*a + 58 = l, -5*l = -2*a - t - 3. Calculate the remainder when 18 is divided by (-135)/a - (-2)/8.
4
Let r = -1210 - -1269. What is the remainder when r is divided by 22?
15
Calculate the remainder when 61 - 5 - 56/8 is divided by 21.
7
Suppose -2*q = 149 - 53. Let x = q + 99. Suppose -o + 131 = 5*v, o = 2*v + 28 - 86. Calculate the remainder when x is divided by v.
24
Suppose 2*s + 5*c = -48, -4*s = 5*c + 54 + 52. Let h = s - -45. What is the remainder when 30 is divided by h?
14
Let v(w) = -2*w + 45. Let c be v(21). Suppose -11*i + 288 = -c*i. What is the remainder when i is divided by 13?
10
Let x(y) = y**3 - 3*y**2 + 3*y + 2. Let k be 16/6 + 18/(-27). Suppose k*i - 4 = 6. What is the remainder when x(i) is divided by 17?
16
Suppose -5*m = u - 42 - 2, 0 = -u + 2*m + 16. Calculate the remainder when 157 is divided by u.
13
Let d = 0 - -2. Let t be (16/(-20))/(d/155). Calculate the remainder when 1/1 - -1 - t is divided by 13.
12
Suppose 5*d + 1 = 41. Calculate the remainder when 66 is divided by ((-68)/d)/(1/(-2)).
15
Let k = -485 + 562. Calculate the remainder when k is divided by 76.
1
Suppose 0 = -5*y + 5*z + 115, -2*y = -13*z + 10*z - 42. Calculate the remainder when 96 is divided by y.
15
Calculate the remainder when 8/6 - 32/6 - -73 is divided by 21.
6
Suppose x - 3*r = 108, -5*x - 5*r - 208 = -688. Let z = x - 52. Calculate the remainder when z is divided by 2/(-7) - 228/(-14).
15
Let p be 12*(4/(-16)*-6 - 1). What is the remainder when 276/p + (9/1)/3 is divided by 26?
23
Suppose -4*v + 78 = -82. Let z = v - 18. Calculate the remainder when 63 is divided by z.
19
Let j(d) = 5*d**2 - 5*d - 17. Let w(m) = m**2 - m - 1. Let v(s) = -j(s) + 6*w(s). What is the remainder when 64 is divided by v(0)?
9
Suppose -7*y + 6368 - 3365 = 0. Calculate the remainder when y is divided by 72.
69
Let z = 26 + -4. Suppose 3*a = 5*l + 29, 2*l - l + 13 = 3*a. Suppose -6 - 137 = -2*p + a*v, 2*p - 5*v = 153. Calculate the remainder when p is divided by z.
20
Let z be (-2)/(-4)*((-2)/(-1) + 3734). Suppose -36 = 8*l - z. What is the remainder when l is divided by 46?
45
Suppose 9*x - 10*x + 5 = 0, -5*a - 5*x = -695. Calculate the remainder when a is divided by 49.
36
Suppose -i + 366 - 353 = 0. What is the remainder when 16 is divided by i?
3
Let f = 15 + -8. Let r(y) = -3*y**2 + 14*y - 25. Let k be r(3). What is the remainder when (-2)/k + 768/60 is divided by f?
6
What is the remainder when 142 is divided by (-96 - 3 - 1)/(-2)?
42
Suppose 0 = -5*f + 5*d + 215, -76 + 5 = -2*f + 5*d. Let b = 82 - 57. What is the remainder when f is divided by b?
23
What is the remainder when 3*12*8/(12 - 4) is divided by 1?
0
Let m be 9*568/12 - (-1 - -2). Suppose 17*l = 12*l + m. What is the remainder when l is divided by 22?
19
Let y(b) = b**3 + 4*b**2 + 2*b + 4. Suppose -2*h + 3*h = 0. Suppose -4 = -4*z - h, -4*v - 11 = z. What is the remainder when 12 is divided by y(v)?
5
Suppose -45 = -3*v - 18. Let d = v + -4. What is the remainder when 14 is divided by d?
4
Let c = -928 + 1641. What is the remainder when c is divided by 102?
101
Suppose -l - 9 = l + 5*j, -4*j - 52 = -4*l. Suppose -2*q + l = 2. Suppose q*f = -0*f + 30. Calculate the remainder when f is divided by 4.
2
Suppose 13*m = 8*m. Suppose m = 5*l - 2*g - 40 - 7, 3*l - 22 = -5*g. Calculate the remainder when l is divided by 3.
0
Let w be 5/(-35) + (-590)/(-14). Suppose -w = 6*k - 330. What is the remainder when k is divided by 26?
22
What is the remainder when 332 is divided by ((-32)/(-20))/(1/35)?
52
Suppose 115*b + 2*f = 112*b + 304, 0 = 3*f - 15. Let k = 2 + 8. Calculate the remainder when b is divided by k.
8
Suppose -61*w + 684 + 48 = 0. What is the remainder when 88 is divided by w?
4
Let l = 28 + -4. Let i(g) = g**3 + 33*g**2 + 34*g + 79. Calculate the remainder when l is divided by i(-32).
9
Let g(d) = -3 + 16*d + 5*d - 13 - 16. What is the remainder when g(5) is divided by 19?
16
Suppose 0 = -28*m - 50*m + 2184. Calculate the remainder when 99 is divided by m.
15
Let n(k) = 3*k**2 + 6*k + 12. Suppose 0*u + u = -4. Let i = 1 - -18. What is the remainder when n(u) is divided by i?
17
What is the remainder when 220 is divided by 15 + (-1 + 1 - (2 - 0))?
12
Let s = -52 + 92. Calculate the 